. Suppose 0 = -f*r - 5*r - 2*q - 211, 88 = -2*r - 2*q. Let c = -16 - r. List the prime factors of c.
5
Let a(u) = -130*u - 152. List the prime factors of a(-9).
2, 509
Let i(q) = 10*q**2 + 16*q + 10. List the prime factors of i(-8).
2, 3, 29
Let p = 3069 - 1083. What are the prime factors of p?
2, 3, 331
Suppose -5*g + 3*b + 29 = -0*g, 0 = -b - 3. Suppose 109 = g*q + 5*a, q - 5*q = -5*a - 59. What are the prime factors of q?
3, 7
Let b = 4240 - 2770. List the prime factors of b.
2, 3, 5, 7
Let o(x) = -15*x + 24. What are the prime factors of o(-11)?
3, 7
Suppose 0 = 2*b + 8, 0 = 3*u - 5*b - 1 - 19. Suppose 23 = -2*h + 5*h + 4*p, h - p = 3. Suppose -h*j + 0*j + 255 = u. List the prime factors of j.
3, 17
Let i be -18*(0 + -1 + 0). Let d = i + -13. Suppose w + n = 0, -w - 2*w + 40 = -d*n. What are the prime factors of w?
5
Let w(d) = -271*d + 144. List the prime factors of w(-4).
2, 307
Let y be (-2)/((-1)/(-4*4/8)). Let c(u) = -5*u**3 - 4*u**2 - 6*u - 12. Let b(d) = -d**3 - d**2 - 1. Let n(v) = 6*b(v) - c(v). List the prime factors of n(y).
2, 7
List the prime factors of 0/(-1) + 30352/(-42)*-3.
2, 271
Suppose 20174 = 36*s - 1534. What are the prime factors of s?
3, 67
Suppose -2*m + 1266 = -60*b + 56*b, 0 = 2*m + 2*b - 1290. What are the prime factors of m?
641
Let p be 38/(-14) - (-12)/(-42). Let m be p/(3/(-2)) - -118. Suppose 5*g - m = 30. What are the prime factors of g?
2, 3, 5
Let m = -3 - -8. Let p(h) = 56*h - 6. Let x be p(1). Suppose s - 73 = m*i - 5, s + i = x. What are the prime factors of s?
53
Suppose -5*l - 121 = -3*y, 9*y - 10 = 4*y. Let s(v) = v - 9. Let h be s(7). Let j = h - l. List the prime factors of j.
3, 7
Suppose 58140 = -211*n + 228*n. List the prime factors of n.
2, 3, 5, 19
Let w be ((-8)/4 + 3)*1. Let c be (-3 + 9)/(w/(-3)). List the prime factors of ((-35)/(-3))/(-7)*c.
2, 3, 5
Let r be 6/(-2*(-1 + 0)). Suppose 0 = -5*i + r*i - w + 136, 4*i - 276 = -w. List the prime factors of i.
2, 5, 7
What are the prime factors of 366*30/(-10)*9/(-2)?
3, 61
Let u = -1238 + 2078. List the prime factors of u.
2, 3, 5, 7
Suppose 10*v - 14*v - 1032 = 0. Let p = -171 - v. What are the prime factors of p?
3, 29
Let q = 397 + -186. List the prime factors of q.
211
Suppose 0 = -6*b + 4*b + 2*r + 1160, -4*b - 4*r = -2280. List the prime factors of b.
5, 23
Suppose 5*q - z + 39 = 0, 5*q - z = 2*z - 47. Let m = 40 + q. What are the prime factors of m?
3, 11
Suppose -2*c + 2986 = -2*h, -c + 9*h - 6*h = -1495. What are the prime factors of c?
2, 373
Let x(o) = 6 - o + 5 + 0*o. Let s be x(11). Suppose s = y - 4 - 4. List the prime factors of y.
2
Let n(g) be the first derivative of g**3/3 + 3*g**2 + 2*g + 2. Let i be n(-6). Suppose -i*z + 4*s + 26 = 0, -5*z = -4*s + s - 79. List the prime factors of z.
17
Let h(s) = -3*s + 12. Let m be h(14). Let g = m + 9. Let t = g + 26. List the prime factors of t.
5
Let k = 2083 - 1143. List the prime factors of k.
2, 5, 47
Let m be (-2 + 0)/(68/(-12) - -5). Suppose m*p - 2*x - 175 = 0, 4*x - 138 = p - 3*p. What are the prime factors of p?
61
Let r = -400 - -880. List the prime factors of r.
2, 3, 5
Let r(m) = -2*m**2 + 13*m + 2. Let l be r(11). Let b = l - -293. List the prime factors of b.
2, 7
Let b(r) = 46*r**2 - 6*r + 123. What are the prime factors of b(-9)?
3, 1301
Let g be 6/(24/20) - -1. Suppose 5*u + g = 166. List the prime factors of u.
2
Let m(q) = 8*q**3 + q**2 + q. Let y be m(-2). Let z = y - -121. What are the prime factors of z?
59
Suppose 16*k = 19*k - 72. Suppose 21*v + 315 = k*v. List the prime factors of v.
3, 5, 7
List the prime factors of (-156)/(-28) - 9/(-21) - -1438.
2, 19
Let v(c) = 8*c**3 - 2*c**2 + 2*c - 1. Let d be v(1). Let x(u) = 4*u + 11. Let j be x(d). What are the prime factors of 0 + (j/1 - -2)?
41
What are the prime factors of (-32)/48*(-1263)/2?
421
Let d = -32 - -37. Suppose -4*v + 240 = d*m - 44, -m = 0. What are the prime factors of v?
71
Let n = -601 + 1167. Suppose 17*j - 2079 = -n. List the prime factors of j.
89
Let y = -4 - 7. Let f(d) = d**2 + 6*d + 20. What are the prime factors of f(y)?
3, 5
Suppose -5*j - 10 = -0*j. Let h(k) be the second derivative of 2*k**4/3 + 2*k**3/3 + 7*k**2/2 - k. What are the prime factors of h(j)?
31
Suppose -3 + 9 = 2*o. Let t be (-2 - 1)*(-7)/o. Let x = 12 + t. What are the prime factors of x?
19
Suppose 47*t = 2*t + 92070. List the prime factors of t.
2, 3, 11, 31
List the prime factors of 3 - 8/3 - 7629/(-9).
2, 53
Let z = 17 - 10. Let p = z - 2. Suppose -s = -p*d - 48, -5*s - 3*d + 156 = -0*d. What are the prime factors of s?
3, 11
List the prime factors of 72/(-192) - (-931)/8.
2, 29
Suppose 8 = 4*g - 0*g. Suppose -89 = -5*b + 116. Suppose 5*r - b = -3*x, 4 - g = 2*x - 3*r. What are the prime factors of x?
7
Suppose 4*b - 13 = -v, 55 = -5*v + b + 3*b. Let t(x) = x**3 + 7*x**2 + 2. Let k be t(v). Let r(m) = 4*m**3 + 2*m**2 - 2*m. What are the prime factors of r(k)?
2, 3
Let r(j) = -130*j + 4. Let t be r(-10). List the prime factors of (4*6/16)/(12/t).
163
Let a(v) = v**3 + 7*v**2 + 5. Let z be a(-7). Suppose z*r = 2*r + 9. Let c(u) = 3*u**2 - 5*u + 4. What are the prime factors of c(r)?
2
Suppose 5*i - 8815 = -5*c, -4*c - 5*i = 303 - 7353. List the prime factors of c.
5, 353
Let c = -30 + 31. List the prime factors of ((c - -9) + -4)*12.
2, 3
Let j(q) be the first derivative of -q**4/4 + 2*q**2 + 5*q - 9. What are the prime factors of j(-4)?
53
Let w = -3 - -10. Suppose -3*n = -w*n. Suppose 3*q + 1 - 7 = n. What are the prime factors of q?
2
Let u(q) = 15*q + 1. Let z be u(1). Suppose g - 3*g = z. Let a = g + 13. What are the prime factors of a?
5
Suppose 4*y = -4*k + 1728, -y - 14*k + 16*k = -441. List the prime factors of y.
3, 5, 29
Let n = -246 - -417. List the prime factors of n.
3, 19
Suppose 2*k = -5*g + 3*k + 10, 4*g - k - 7 = 0. Suppose 0 = x + 4, -6*u + 2*u = g*x - 12. List the prime factors of u.
2, 3
Suppose 4*w - 371 + 68 = -h, 930 = 3*h + 5*w. Suppose h = 13*y - 8*y. What are the prime factors of y?
3, 7
Suppose 0 = 4*b + 5*p + 118, p = 3*b - 20 + 99. Let g(i) = 2*i**2 - 7*i. Let f be g(7). Let l = b + f. What are the prime factors of l?
2, 11
Let w(l) = -l**2 - l + 12. Let z(a) = a - 1. Let j(t) = -w(t) - 6*z(t). Let p = 7 + 1. What are the prime factors of j(p)?
2, 3
Suppose 1674 = 4*a + 5*g, -482 = -2*a + 4*g + 342. Suppose 7*k = a + 4. What are the prime factors of k?
2, 3, 5
Let v(g) be the third derivative of g**6/120 + g**5/30 + g**4/4 - 5*g**3/6 - 9*g**2. Let m be v(-5). Let k = 176 + m. List the prime factors of k.
2, 3, 11
Let m be (4/(-10))/((-1)/25). Let n be 4/10 + 596/m. Suppose 4*u = -0*u + n. What are the prime factors of u?
3, 5
Let d be 7/(-42)*-15*6/5. Suppose -4*n + 2*n = -112. List the prime factors of (n/d)/((-1)/(-3)).
2, 7
Let u = 84 - 183. Let v = -64 - u. List the prime factors of v.
5, 7
Let k(x) be the second derivative of x**5/20 - 2*x**4/3 + 3*x**2/2 - 13*x. What are the prime factors of k(9)?
2, 3, 7
Let g(n) = 148*n**2 - 1. Let d be g(2). Suppose 5*k - d - 89 = 5*u, 398 = 3*k - u. What are the prime factors of k?
131
Suppose r + 2985 = 3*c, 3*c - 4*r - 65 - 2920 = 0. What are the prime factors of c?
5, 199
Suppose -2*u = -6, -10*p - 4*u + 80 = -6*p. Let s = 84 - p. What are the prime factors of s?
67
Let d(k) = -k - k**3 + 17*k**2 - 30*k**2 + 0 - 3. Let g be d(-13). Suppose -4*q - 2 = -g. List the prime factors of q.
2
Let q(f) = f**2 - 15*f + 16. Let b be q(14). Suppose b*s = 3*s + 12. What are the prime factors of 52/6 + 8/s?
2
Let m be (1 + -2)/((-2)/22). Suppose -7 = m*c - 12*c. What are the prime factors of c?
7
Let a(s) = -60*s**3 - 3*s**2 - 12*s - 5. What are the prime factors of a(-3)?
2, 7, 29
Suppose 0 = -3*h + 2*h + 3. Suppose 4*a + 5*s - 99 = 2*a, h*a = 2*s + 177. What are the prime factors of a?
3, 19
Suppose 3*n = -m - 2*n - 60, -108 = 2*m - 2*n. What are the prime factors of (-20)/6*(0 + m - -1)?
2, 3, 5
Suppose 2*f + 11 + 3 = 0. Let j be (8 + f)/(2/6). Suppose k + j = 3*p + 17, -26 = -2*k + 5*p. What are the prime factors of k?
2
Suppose -10*o + 2*o = 16. Let b = 12 + o. List the prime factors of b.
2, 5
Let d(o) = o**3 + 3*o**2 + o. Let w be d(-3). Let n(q) = 2*q**2 + 3*q + 2. Let s be n(w). List the prime factors of -8 + s - 8/(-1).
11
Suppose -16 - 12 = -7*